{"id":76,"date":"2016-07-04T11:27:58","date_gmt":"2016-07-04T09:27:58","guid":{"rendered":"http:\/\/lambda-sa.pl\/format\/?page_id=76"},"modified":"2016-11-10T10:07:37","modified_gmt":"2016-11-10T09:07:37","slug":"montaz-stali-zbrojeniowej","status":"publish","type":"page","link":"http:\/\/lambda-sa.pl\/lambda\/?page_id=76","title":{"rendered":"Monta\u017c stali zbrojeniowej"},"content":{"rendered":"[vc_row type=&#8221;full_width_background&#8221; bg_image=&#8221;70&#8243; bg_position=&#8221;left top&#8221; bg_repeat=&#8221;no-repeat&#8221; scene_position=&#8221;center&#8221; text_color=&#8221;dark&#8221; text_align=&#8221;left&#8221; top_padding=&#8221;100&#8243; bottom_padding=&#8221;100&#8243; overlay_strength=&#8221;0.3&#8243;][vc_column column_padding=&#8221;no-extra-padding&#8221; column_padding_position=&#8221;all&#8221; background_color_opacity=&#8221;1&#8243; background_hover_color_opacity=&#8221;1&#8243; width=&#8221;1\/2&#8243;][vc_column_text]<strong>Posiadamy certyfikat jako\u015bci AFCAB<\/strong> na roboty zbrojarskie. Przeprowadzane s\u0105 regularnie audyty zewn\u0119trzne i wewn\u0119trzne, jak i kontrole na budowie. Kontrole te obejmuj\u0105 identyfikacje plan\u00f3w, dostaw\u0119 stali i zazbrojone elementy przed betonowaniem. Nasz system kontroli jako\u015bci jest ocertyfikowany wed\u0142ug norm ISO 9001.<\/p>\n<p>Stal dostarczana na budow\u0119 powinna posiada\u0107 atest stwierdzaj\u0105cy jej rodzaj, plastyczno\u015b\u0107, \u015brednic\u0119, d\u0142ugo\u015b\u0107. Monta\u017c zbrojenia wykonywany jest \u015bci\u015ble wed\u0142ug rysunk\u00f3w roboczych. Prowadzimy dwustopniow\u0105 kontrol\u0119 wykonanych element\u00f3w zbrojenia przed ich zabetonowaniem. Zakres monta\u017cu zbrojenia:<\/p>\n<ul>\n<li>\u0142\u0105czenie pr\u0119t\u00f3w (wi\u0105zanie drutem wi\u0105za\u0142kowym, lub spawanie)<\/li>\n<li>na placu budowy lub w strefie prefabrykacji<\/li>\n<li>roboty spawalnicze wykonuj\u0105 u nas wykwalifikowani pracownicy, posiadaj\u0105cy odpowiednie uprawnienia<\/li>\n<\/ul>\n<p>We wsp\u00f3\u0142czesnym budownictwie stosuje si\u0119 te\u017c po\u0142\u0105czenia spawane i zgrzewane.<\/p>\n<ul>\n<li>umieszczanie zbrojenia w deskowaniu (monta\u017c na stanowisku zbrojarskim i wk\u0142adanie gotowych element\u00f3w do deskowania<\/li>\n<li>montowanie przygotowanych pr\u0119t\u00f3w na wykonanym szalunku<\/li>\n<\/ul>\n<p>Do wi\u0105zania zbrojenia w miejscach styku lub skrzy\u017cowania u\u017cywamy drutu wi\u0105za\u0142kowego (\u015brednica do 1,6 mm) i przy pomocy odpowiednich wysokojako\u015bciowych c\u0119g wykonuje si\u0119 w\u0119z\u0142y: proste, krzy\u017cowe, krzy\u017cowe podw\u00f3jne, dwurz\u0119dowe.<\/p>\n<p>Wi\u0105zanie pr\u0119t\u00f3w zbrojenia jest czynno\u015bci\u0105, kt\u00f3rej nie mo\u017cna zmechanizowa\u0107, dlatego wi\u0105\u017cemy w naszej firmie drut wi\u0105za\u0142kowy tylko i wy\u0142\u0105cznie r\u0119cznie![\/vc_column_text][\/vc_column][vc_column column_padding=&#8221;no-extra-padding&#8221; column_padding_position=&#8221;all&#8221; background_color_opacity=&#8221;1&#8243; background_hover_color_opacity=&#8221;1&#8243; width=&#8221;1\/2&#8243;][image_with_animation image_url=&#8221;103&#8243; alignment=&#8221;&#8221; animation=&#8221;Fade In&#8221;][\/vc_column][\/vc_row]","protected":false},"excerpt":{"rendered":"<p>[vc_row type=&#8221;full_width_background&#8221; bg_image=&#8221;70&#8243; bg_position=&#8221;left top&#8221; bg_repeat=&#8221;no-repeat&#8221; scene_position=&#8221;center&#8221; text_color=&#8221;dark&#8221; text_align=&#8221;left&#8221; top_padding=&#8221;100&#8243; bottom_padding=&#8221;100&#8243; overlay_strength=&#8221;0.3&#8243;][vc_column column_padding=&#8221;no-extra-padding&#8221; column_padding_position=&#8221;all&#8221; background_color_opacity=&#8221;1&#8243; background_hover_color_opacity=&#8221;1&#8243; width=&#8221;1\/2&#8243;][vc_column_text]Posiadamy certyfikat jako\u015bci AFCAB na roboty zbrojarskie. Przeprowadzane s\u0105 regularnie audyty zewn\u0119trzne i wewn\u0119trzne,&#8230;<\/p>\n","protected":false},"author":1,"featured_media":0,"parent":0,"menu_order":0,"comment_status":"closed","ping_status":"closed","template":"","meta":[],"_links":{"self":[{"href":"http:\/\/lambda-sa.pl\/lambda\/index.php?rest_route=\/wp\/v2\/pages\/76"}],"collection":[{"href":"http:\/\/lambda-sa.pl\/lambda\/index.php?rest_route=\/wp\/v2\/pages"}],"about":[{"href":"http:\/\/lambda-sa.pl\/lambda\/index.php?rest_route=\/wp\/v2\/types\/page"}],"author":[{"embeddable":true,"href":"http:\/\/lambda-sa.pl\/lambda\/index.php?rest_route=\/wp\/v2\/users\/1"}],"replies":[{"embeddable":true,"href":"http:\/\/lambda-sa.pl\/lambda\/index.php?rest_route=%2Fwp%2Fv2%2Fcomments&post=76"}],"version-history":[{"count":5,"href":"http:\/\/lambda-sa.pl\/lambda\/index.php?rest_route=\/wp\/v2\/pages\/76\/revisions"}],"predecessor-version":[{"id":172,"href":"http:\/\/lambda-sa.pl\/lambda\/index.php?rest_route=\/wp\/v2\/pages\/76\/revisions\/172"}],"wp:attachment":[{"href":"http:\/\/lambda-sa.pl\/lambda\/index.php?rest_route=%2Fwp%2Fv2%2Fmedia&parent=76"}],"curies":[{"name":"wp","href":"https:\/\/api.w.org\/{rel}","templated":true}]}}