{"id":82,"date":"2016-07-04T11:28:56","date_gmt":"2016-07-04T09:28:56","guid":{"rendered":"http:\/\/lambda-sa.pl\/format\/?page_id=82"},"modified":"2016-11-10T10:10:04","modified_gmt":"2016-11-10T09:10:04","slug":"zabezpieczenia-antykorozyjne","status":"publish","type":"page","link":"http:\/\/lambda-sa.pl\/lambda\/?page_id=82","title":{"rendered":"Zabezpieczenia antykorozyjne"},"content":{"rendered":"[vc_row type=&#8221;full_width_background&#8221; bg_image=&#8221;70&#8243; bg_position=&#8221;left top&#8221; bg_repeat=&#8221;no-repeat&#8221; scene_position=&#8221;center&#8221; text_color=&#8221;dark&#8221; text_align=&#8221;left&#8221; top_padding=&#8221;100&#8243; bottom_padding=&#8221;100&#8243; overlay_strength=&#8221;0.3&#8243;][vc_column column_padding=&#8221;no-extra-padding&#8221; column_padding_position=&#8221;all&#8221; background_color_opacity=&#8221;1&#8243; background_hover_color_opacity=&#8221;1&#8243; width=&#8221;1\/2&#8243;][vc_column_text]Prowadzimy us\u0142ugi w zakresie wykonawstwa rob\u00f3t antykorozyjnych. Roboty antykorozyjne obejmuj\u0105 zabezpieczenie wszelkich powierzchni stalowych i betonowych (r\u00f3wnie\u017c renowacje rozwi\u0105zaniami systemowymi, mi\u0119dzy innymi: Dieterman, Schomburg, Tikkurila, Hempel Addiment).<\/p>\n<p><strong>Zakres rob\u00f3t obejmuje:<\/strong><\/p>\n<ol>\n<li>przygotowanie powierzchni metoda strumieniowo-\u015bciern\u0105\n<ol>\n<li>na sucho (\u015bcierniwo pomiedziowe)<\/li>\n<li>na mokro (piasek w otulinie wodnej)<\/li>\n<\/ol>\n<\/li>\n<\/ol>\n<ol start=\"2\">\n<li>przygotowanie powierzchni metod\u0105 mechaniczn\u0105, w razie konieczno\u015bci narz\u0119dziami nieiskrz\u0105cymi lub przy \u00a0u\u017cyciu \u015brodk\u00f3w chemicznych<\/li>\n<li>nanoszenie wszelkich dost\u0119pnych zestaw\u00f3w farb i preparat\u00f3w metod\u0105 r\u0119czn\u0105, natryskiem pneumatycznym lub hydrodynamicznym \u201e airless\u201d<\/li>\n<li>czynno\u015bci renowacyjne jako zapobieganie skutkom starzenia si\u0119 pow\u0142ok i wyd\u0142u\u017cenia okresu eksploatacji obiekt\u00f3w<\/li>\n<\/ol>\n<p><strong>Us\u0142ugi antykorozyjne przeprowadza si\u0119 na:<\/strong><\/p>\n<ul>\n<li>elektrofiltrach<\/li>\n<li>konstrukcjach wsporczych przy kot\u0142ach<\/li>\n<li>instalacjach chemicznych<\/li>\n<li>konstrukcjach stalowych<\/li>\n<li>zbiornikach solanki<\/li>\n<\/ul>\n[\/vc_column_text][\/vc_column][vc_column column_padding=&#8221;no-extra-padding&#8221; column_padding_position=&#8221;all&#8221; background_color_opacity=&#8221;1&#8243; background_hover_color_opacity=&#8221;1&#8243; width=&#8221;1\/2&#8243;][image_with_animation image_url=&#8221;114&#8243; alignment=&#8221;&#8221; animation=&#8221;Fade In&#8221;][\/vc_column][\/vc_row]","protected":false},"excerpt":{"rendered":"<p>[vc_row type=&#8221;full_width_background&#8221; bg_image=&#8221;70&#8243; bg_position=&#8221;left top&#8221; bg_repeat=&#8221;no-repeat&#8221; scene_position=&#8221;center&#8221; text_color=&#8221;dark&#8221; text_align=&#8221;left&#8221; top_padding=&#8221;100&#8243; bottom_padding=&#8221;100&#8243; overlay_strength=&#8221;0.3&#8243;][vc_column column_padding=&#8221;no-extra-padding&#8221; column_padding_position=&#8221;all&#8221; background_color_opacity=&#8221;1&#8243; background_hover_color_opacity=&#8221;1&#8243; width=&#8221;1\/2&#8243;][vc_column_text]Prowadzimy us\u0142ugi w zakresie wykonawstwa rob\u00f3t antykorozyjnych. Roboty antykorozyjne obejmuj\u0105 zabezpieczenie wszelkich powierzchni stalowych&#8230;<\/p>\n","protected":false},"author":1,"featured_media":0,"parent":0,"menu_order":0,"comment_status":"closed","ping_status":"closed","template":"","meta":[],"_links":{"self":[{"href":"http:\/\/lambda-sa.pl\/lambda\/index.php?rest_route=\/wp\/v2\/pages\/82"}],"collection":[{"href":"http:\/\/lambda-sa.pl\/lambda\/index.php?rest_route=\/wp\/v2\/pages"}],"about":[{"href":"http:\/\/lambda-sa.pl\/lambda\/index.php?rest_route=\/wp\/v2\/types\/page"}],"author":[{"embeddable":true,"href":"http:\/\/lambda-sa.pl\/lambda\/index.php?rest_route=\/wp\/v2\/users\/1"}],"replies":[{"embeddable":true,"href":"http:\/\/lambda-sa.pl\/lambda\/index.php?rest_route=%2Fwp%2Fv2%2Fcomments&post=82"}],"version-history":[{"count":6,"href":"http:\/\/lambda-sa.pl\/lambda\/index.php?rest_route=\/wp\/v2\/pages\/82\/revisions"}],"predecessor-version":[{"id":174,"href":"http:\/\/lambda-sa.pl\/lambda\/index.php?rest_route=\/wp\/v2\/pages\/82\/revisions\/174"}],"wp:attachment":[{"href":"http:\/\/lambda-sa.pl\/lambda\/index.php?rest_route=%2Fwp%2Fv2%2Fmedia&parent=82"}],"curies":[{"name":"wp","href":"https:\/\/api.w.org\/{rel}","templated":true}]}}